 = 26 + -31. Let w be 2 + -2 + g/(-1). Let a(u) = -w*u - 4 + 3 + 3 + u**2. Calculate a(6).
8
Suppose -3*t - 25 = -4*q, -4*t + 39 = 4*q + q. Let a = q + -6. Let l(f) = -14*f**2 - 1 + 28*f**2 - 3*f**3 - 12*f**2. Determine l(a).
-2
Suppose 5*y - 15 = -4*j, -4*y + 0*y = j - 12. Let g(n) = 5*n**2 + 3*n - 3 + n**y - 5*n - 6*n. Let q be ((-1)/2)/(1/12). Determine g(q).
9
Let d(h) = -h**2 - h + 7. Suppose 0 = 3*x - x - 12. Suppose l = -l + x. Suppose 3*y + 5 = o, 5 = 4*y + 4*o - l*o. Calculate d(y).
7
Suppose c + 6 = 2*l, 5*c + 2*l = l + 14. Suppose y - 12 = 4*d, -4*y + 4*d - c*d = -20. Let b(h) = h**3 - 3*h**2 - 4*h + 5. Determine b(y).
5
Let w = 7 + -2. Let z(f) = -f + 14. Let c be z(12). Let p(u) = 5*u**c + 1 - 16*u**3 - 1 + 15*u**3 + u. Determine p(w).
5
Let n(p) = p + 3. Suppose -5*s + 175 + 55 = 0. Let g be s/(-4) - (-6)/12. Give n(g).
-8
Suppose -5*u + 20 + 0 = 0. Suppose s = -u*s. Suppose s*i = -4*i + 4. Let w(n) = 5*n - 1. What is w(i)?
4
Let q = -9 - -13. Let g(t) be the second derivative of t**6/720 - t**4/12 - 3*t. Let w(a) be the third derivative of g(a). Determine w(q).
4
Let v(h) = h**2 - 14*h + 32. Let q be v(11). Let u(x) be the second derivative of 1/2*x**2 + 1/10*x**5 + 3*x + 0 + 0*x**4 + 1/6*x**3. Determine u(q).
-2
Let g(p) be the first derivative of -p**3/6 + 3*p**2/2 + 6*p - 2. Let q(n) be the first derivative of g(n). Determine q(-6).
9
Suppose 5*d - 35 = -5*k, k - 11 = -6. Suppose 3*t = -3*o - 0*t - 9, 9 = -d*o - t. Let p(m) = -m - 1. Determine p(o).
5
Suppose 4*z + z = 20, 30 = 2*k + 5*z. Let d = k + -5. Let h(l) = 4*l + d*l**3 - l + l**3 + 5*l**2 + 1. Determine h(-4).
5
Let s(v) = -48*v - v**2 - 24*v + 8 + 75*v. Determine s(6).
-10
Let w(b) = -28*b**2 - b. Suppose -p - 4*p - 15 = 5*r, -5*r - 7 = -3*p. Give w(p).
-27
Suppose 0 = 4*o - 5*l + 14, 4*o + 3 - 1 = -l. Let w(k) = 7*k**3 + k**2 + 6*k. Let f(u) = -u**3 - u. Let t(v) = o*w(v) - 5*f(v). Determine t(-1).
2
Let z(h) = 10 + 16 - 15*h - 20*h + 37*h. Give z(-13).
0
Let h(b) be the third derivative of -b**4/24 + b**3/6 - 47*b**2. Determine h(-4).
5
Suppose a + 3*r = 18, -3*a = -3*r + 5*r - 19. Suppose -4*t - 5*z = -3*t + 15, -a*t + 2*z - 11 = 0. Let j(k) = -3*k - 6. Calculate j(t).
9
Let g(d) = -d**2 - 3*d + 1. Let y(h) = h**3 - 6*h + 4. Suppose 4*u - 4 = 4*k, 8*u + 5*k + 29 = 5*u. Let t be y(u). Give g(t).
-9
Let w = 475 + -479. Let m(d) = d + 2 - d**2 - 4*d + 0. What is m(w)?
-2
Let k(w) = 58 - 11*w - 6*w**2 + 3*w**2 - 21*w**2 + w**3 - 11*w - 5*w. Give k(25).
8
Let j(p) = -p**2 + 13*p - 36. Let c be j(8). Let b(d) be the second derivative of -d**5/20 + d**4/3 + d**3/6 + d**2/2 - 5*d. Give b(c).
5
Let l = 6 - 4. Let w(r) = -59 + 3*r + 4*r**2 - 7*r - 3*r**3 + 62. Determine w(l).
-13
Let l(i) be the first derivative of -i**2/2 + 83. Calculate l(3).
-3
Let t(n) be the second derivative of n**4/12 + n**3 - 6*n**2 + 515*n. Determine t(-6).
-12
Suppose 0 = -8*t - 773 - 11. Let b = t + 99. Let m(o) = -13*o**3 + o**2 - 2*o + 1. What is m(b)?
-13
Let h = -34 + 28. Let q(g) = 5*g**2 + 2*g - 1. Let j(o) = o**2 - o. Let a(n) = -4*j(n) + q(n). Determine a(h).
-1
Let x(l) = -4*l**2 + 12*l - 7. Let j(g) = 9*g**2 - 25*g + 15. Let u(t) = 3*j(t) + 7*x(t). Let b(d) = d**3 - 4*d**2 - 7*d + 16. Let m be b(5). What is u(m)?
14
Let w = -80 - -90. Let m(c) = 2*c**2 - 20*c - 4. Determine m(w).
-4
Let u(t) be the first derivative of -t**6/120 + t**5/20 + 5*t**4/24 + t**3/2 + 11*t**2/2 - 6. Let a(m) be the second derivative of u(m). Determine a(4).
7
Let v(z) = -9*z**2 + 3*z + 3. Let l(j) = 20*j**2 - 7*j - 7. Let d(h) = -4*l(h) - 9*v(h). Give d(2).
7
Let x(a) = -4*a - 10. Let f be x(3). Let r = f - -23. Let b(u) = 10*u - 1. Give b(r).
9
Let v(k) = 17*k - k**2 - 2*k**2 - 5 - 19*k + 6*k**2 - 2*k**2. Give v(4).
3
Suppose 3 = -45*c + 42*c. Let j(m) be the second derivative of -3*m**5/10 + m**4/12 - m**2/2 - 2*m. Determine j(c).
6
Let s(y) = -4*y - 2. Let i(w) = 3*w + 1. Let a(k) = 5*i(k) + 4*s(k). Let z = -8 + 14. Suppose -3*g + z*g = -9. Give a(g).
0
Let x(c) = -c - 21. Let r be x(-2). Let a(b) = -b**2 - 17*b + 36. Determine a(r).
-2
Let s(f) = 3 + 20 - 9 + 4*f - 7. What is s(-3)?
-5
Let x = -35 - -6. Let i = -23 - x. Let v(z) = 5*z**2 + 5*z + 1 + 2*z**2 - 4 - i*z**2. Give v(-4).
-7
Suppose 14 = 5*w - 1. Let x(r) = -r**3 + 2*r**2 + 3*r + 2. Let c be x(w). Suppose 3*u = -c*u. Let a(o) = -o**3 - o + 1. Calculate a(u).
1
Suppose 20 = -f + 5*f. Let q(k) = k**3 + k**3 + f*k**2 + 0*k**3 + 7 - k**3. Calculate q(-5).
7
Let i(y) = 3*y**3 - 2*y**3 + 5*y + 4 - 4*y**3 - 2 + 10*y**2. Let c(v) = -8*v**3 + 29*v**2 + 15*v + 7. Let n(f) = 4*c(f) - 11*i(f). Give n(-5).
6
Let p(o) = -o**2 - 2*o + 2. Let t(a) = -a**2 - a + 1. Let w(b) = p(b) - 2*t(b). Give w(-3).
9
Let j(k) = -3*k. Let i(d) = 10*d. Let v(c) = -2*i(c) - 4*j(c). What is v(1)?
-8
Let y(h) = h**3 - 14*h**2 + 13*h + 16. Suppose 2*f - 5*a = 16, 5*f - 42 = f + 5*a. What is y(f)?
16
Let v(d) be the third derivative of d**6/40 + d**5/60 + d**4/24 + 20*d**2 + 2. Let j(q) = -q + 0 + q**2 + 4*q + 1. Let o be j(-2). Calculate v(o).
-3
Let t(i) = -i**3 + 4*i**2 - 3*i - 4. Let x be 6 + -4 + 5 + 0. Let n be 26/x + (-6)/(-21). Suppose 0 = 2*u - 2 - n. What is t(u)?
-4
Suppose 5*n - 6 = 4*n. Let m be 9/15 + n/(-10). Let t = m + 6. Let h(b) = -b**2 + 5*b + 5. Determine h(t).
-1
Let w(d) = d**3 + 7*d**2 + 8*d + 1. Let q(o) = 2*o**2 - 67*o + 149. Let g be q(31). What is w(g)?
-11
Let u be -3 - (-2 - (5 - 6)). Let h(a) = a**3 + 6*a**2 + 6*a + 1. Give h(u).
5
Let j(y) = 2*y + 6. Let n be j(-3). Let f(p) = -11*p - 24. Let o(c) = -4*c - 8. Let g(x) = 3*f(x) - 8*o(x). Calculate g(n).
-8
Let l(x) = -4*x + 2. Let j be 2 + 0 + 0 + 7. Let d be -3*3/j*-2. What is l(d)?
-6
Let y(g) = -g**2 - 2*g - 4. Let m be ((-12)/10)/((-18)/(-180)). Let w = -15 - m. Give y(w).
-7
Let x(b) = b - 4*b**2 - 2*b**2 + 3*b**2 + 4*b**3 + 5*b**2. Let j(f) = f**3 + 6*f**2 + 4. Let u be j(-6). Let r be (4 + -1)*u/(-12). Calculate x(r).
-3
Suppose 0*f = f - 2. Let t(z) = 12*z**3 - 5*z**2 + 2*z - 2. Let m(y) = 19*y**3 - 8*y**2 + 3*y - 3. Let w(k) = -5*m(k) + 8*t(k). Determine w(f).
9
Let f(b) be the third derivative of -b**5/30 + b**4/24 - b**3/6 + 6*b**2 + 18. What is f(1)?
-2
Let h(t) be the first derivative of t**5/60 - 7*t**4/24 - 7*t**3/6 - 31*t**2/2 - 5. Let m(c) be the second derivative of h(c). Calculate m(8).
1
Suppose 3*o - 4*t + 5 - 31 = 0, 2*t + 10 = 0. Let l(g) = -537*g + 530*g + o - 1. Determine l(-2).
15
Let c = -24 - -27. Let q(u) = 35*u + 3*u**2 - u**c - 44*u - 10*u**2 - 2*u**2. Determine q(-8).
8
Let u(m) = 8*m + 2. Let d(n) = -14*n - 1. Let l(w) = 3*d(w) + 5*u(w). Give l(8).
-9
Let r(i) be the second derivative of 11*i**4/12 - i**2/2 - 2*i - 43. Give r(1).
10
Let a(o) be the second derivative of -o**4/12 + 7*o**3/6 - o**2/2 + o. Let r be -15*(5 - (-11)/(132/(-64))). Calculate a(r).
9
Let s be -2*1/6*-48. Let l be (-1)/3*(-8 - -2). Let o be s/(-3) + l/(-3). Let q(i) = 2*i + 6. Give q(o).
-6
Let v(q) be the third derivative of 13*q**4/24 - q**3/2 - 2*q**2 - 39*q. What is v(2)?
23
Let q(b) = -b**2 - 5*b + 4. Let u be q(-3). Suppose 0 = -t - 4*t + u. Let v be 6/((-2)/4*t). Let c(j) = -j**3 - 5*j**2 + 5*j - 8. What is c(v)?
-2
Let g(c) = -4*c - 1 + 4810*c**2 + c - 4809*c**2. Calculate g(3).
-1
Let m be -5*-2*1/2. Suppose -3*r = -m + 11. Let o(i) = -8*i - 1 - 1 - 1. Give o(r).
13
Let w = 79 + -124. Let x be -2*5*(-36)/w. Let p(v) = -v - 11. Give p(x).
-3
Let h(q) = -11*q - 5. Let k(o) = 90*o + 40. Let y(x) = -25*h(x) - 3*k(x). Give y(-2).
-5
Let d(m) be the first derivative of m**3/3 - 7*m**2 - 22*m - 104. What is d(15)?
-7
Let x(i) = 15*i - 5. Let r be x(2). Suppose 21*a - 24 = r*a. Let y(s) = -s**2 - 7*s - 2. Calculate y(a).
4
Let d = -93 + 96. Let l = 7 + -11. Let j(g) = 3*g**2 + 2*g + 4. Let w(n) = 4*n**2 + 2*n + 4. Let r(u) = l*w(u) + 5*j(u). What is r(d)?
1
Let l(t) = t**3 - 5*t**2 - 7*t - 4. Let v(u) = u**3 + 5*u**2 - 2*u + 8. Let x be v(-5). Suppose 9*p - x = 6*p. Determine l(p).
-10
Suppose -12 = -0*l - 6*l. Let d(x) = -6*x**2 + x**3 + 6*x**l + 5 + 6*x**2 + x. Calculate d(-6).
-1
Let a(t) be the second derivative of t**4/12 + 4*t**3/3 + 3*t**2/2 - 2*t - 32. Give a(-3).
-12
Let y(l) = 9 + 24*l - 52*l + 29*l. Let m be y(-16). Let w(t) = -4*t - 7. Give w(m).
21
Let c(y) be the third derivati